{"id":658,"date":"2022-04-19T16:09:55","date_gmt":"2022-04-19T14:09:55","guid":{"rendered":"https:\/\/www.marsanhierroyforja.es\/?page_id=658"},"modified":"2022-04-19T16:09:55","modified_gmt":"2022-04-19T14:09:55","slug":"politica-de-privacidad","status":"publish","type":"page","link":"https:\/\/www.marsanhierroyforja.es\/index.php\/politica-de-privacidad\/","title":{"rendered":"Pol\u00edtica de privacidad"},"content":{"rendered":"\n<h2 class=\"wp-block-heading\">Pol\u00edtica de privacidad<\/h2>\n\n\n\n<p>De conformidad con lo dispuesto en la Ley Org\u00e1nica 15\/1999 de Protecci\u00f3n de Datos, Mars\u00e1n hierro y forja informa que los datos personales facilitados a trav\u00e9s de los formularios de esta Web o mediante mensajes de correo electr\u00f3nico, ser\u00e1n incorporados en un fichero de contactos y ser\u00e1n tratados de manera automatizada.<br>Mediante el env\u00edo de los formularios existentes en esta Web, el remitente da su consentimiento para ser incluido en el mencionado fichero e igualmente presta su consentimiento para que dichos datos puedan ser cedidos a empresas del Grupo u otras relaciones comerciales, con el objeto de suministrarle la informaci\u00f3n solicitada en los formularios o suscripciones.<br>La finalidad del fichero es servir como soporte de informaci\u00f3n a la gesti\u00f3n fiscal, administrativa, comercial y contable de la empresa.<br>Si lo desea puede dirigirse a <\/p>\n\n\n\n<p>Taller de forja Mars\u00e1n  C. Bodegas, 9.   40560 Boceguillas, Segovia.  666 35 07 64, con el fin de ejercer los derechos de acceso, rectificaci\u00f3n, cancelaci\u00f3n y oposici\u00f3n.<\/p>\n","protected":false},"excerpt":{"rendered":"<p>Pol\u00edtica de privacidad De conformidad con lo dispuesto en la Ley Org\u00e1nica 15\/1999 de Protecci\u00f3n de Datos, Mars\u00e1n hierro y forja informa que los datos personales facilitados a trav\u00e9s de los formularios de esta Web o mediante mensajes de correo electr\u00f3nico, ser\u00e1n incorporados en un fichero de contactos y ser\u00e1n tratados de manera automatizada.Mediante el &hellip;<\/p>\n<p class=\"read-more\"> <a class=\"\" href=\"https:\/\/www.marsanhierroyforja.es\/index.php\/politica-de-privacidad\/\"> <span class=\"screen-reader-text\">Pol\u00edtica de privacidad<\/span> Leer m\u00e1s &raquo;<\/a><\/p>\n","protected":false},"author":1,"featured_media":0,"parent":0,"menu_order":0,"comment_status":"closed","ping_status":"closed","template":"","meta":{"site-sidebar-layout":"default","site-content-layout":"default","ast-global-header-display":"","ast-main-header-display":"","ast-hfb-above-header-display":"","ast-hfb-below-header-display":"","ast-hfb-mobile-header-display":"","site-post-title":"","ast-breadcrumbs-content":"","ast-featured-img":"","footer-sml-layout":"","theme-transparent-header-meta":"","adv-header-id-meta":"","stick-header-meta":"","header-above-stick-meta":"","header-main-stick-meta":"","header-below-stick-meta":"","footnotes":""},"class_list":["post-658","page","type-page","status-publish","hentry"],"_links":{"self":[{"href":"https:\/\/www.marsanhierroyforja.es\/index.php\/wp-json\/wp\/v2\/pages\/658","targetHints":{"allow":["GET"]}}],"collection":[{"href":"https:\/\/www.marsanhierroyforja.es\/index.php\/wp-json\/wp\/v2\/pages"}],"about":[{"href":"https:\/\/www.marsanhierroyforja.es\/index.php\/wp-json\/wp\/v2\/types\/page"}],"author":[{"embeddable":true,"href":"https:\/\/www.marsanhierroyforja.es\/index.php\/wp-json\/wp\/v2\/users\/1"}],"replies":[{"embeddable":true,"href":"https:\/\/www.marsanhierroyforja.es\/index.php\/wp-json\/wp\/v2\/comments?post=658"}],"version-history":[{"count":1,"href":"https:\/\/www.marsanhierroyforja.es\/index.php\/wp-json\/wp\/v2\/pages\/658\/revisions"}],"predecessor-version":[{"id":659,"href":"https:\/\/www.marsanhierroyforja.es\/index.php\/wp-json\/wp\/v2\/pages\/658\/revisions\/659"}],"wp:attachment":[{"href":"https:\/\/www.marsanhierroyforja.es\/index.php\/wp-json\/wp\/v2\/media?parent=658"}],"curies":[{"name":"wp","href":"https:\/\/api.w.org\/{rel}","templated":true}]}}